 = o*x. What is the units digit of x?
7
Let l(p) = -p**3 + 6*p**2 + 5*p - 1. What is the units digit of l(6)?
9
Suppose 0 = 3*o - 0*o - 9. Suppose -5*a + 42 + o = 0. Let p(d) = -d + 13. What is the units digit of p(a)?
4
Let u = -13 - -18. Suppose -2 = -c + 4*t - 1, 3*c - 4*t = 11. Suppose -30 = -c*q + u*b, 5*b = 2*q - q - 14. What is the units digit of q?
4
Suppose -3*t = -10 + 25. Let h(n) = n**2 - n - 4. Let c be h(4). Let z = t + c. What is the units digit of z?
3
Suppose -4*f + 174 = -0*l + 3*l, 3*l - 147 = 5*f. What is the tens digit of l?
5
Suppose -t = i - 25, -5*t + i - 2*i = -109. What is the tens digit of t?
2
Let g(z) = z**2 - 9*z + 11. Let t be g(8). Let q(x) = x**2 + 2*x - 4. What is the tens digit of q(t)?
1
Let h = -9 + 12. Suppose -2*v - 3*v = h*f - 31, -f = -2*v - 3. What is the units digit of f?
7
Suppose 2*y = -2*k - 10, 0 = k - 0*k + 5*y + 5. What is the units digit of k*(-3 - (-21)/15)?
8
Let u(h) = h**3 - 7*h**2 + h + 11. What is the hundreds digit of u(9)?
1
Let n(q) = -q**2 - 2*q + 114. What is the hundreds digit of n(0)?
1
Let f be (-61)/(-4) - 1/4. Suppose 2*n = -1 + 9. Suppose -m = 2*m + 3*s - 18, 5*m + f = n*s. What is the units digit of m?
1
Suppose -3*z + 4*u = 4, 0*z - 6 = 2*z - u. Let p(j) = -5*j + 3. Let i(b) = 3*b - 2. Let q(s) = -7*i(s) - 4*p(s). What is the units digit of q(z)?
6
Suppose 0 = -2*b - 5*s + 134, -4*b + 0*b + 2*s + 220 = 0. What is the units digit of b?
7
Let v(x) = -x + 9. Let r be v(9). What is the tens digit of (-2 - (-1 + r)) + 14?
1
Suppose 54*s - 49*s - 930 = 0. What is the units digit of s?
6
Let i(t) = -2*t + 12. Let s be i(6). Suppose s = 4*d - 8*d - 2*k + 2, -2*k - 6 = 0. What is the units digit of d?
2
Let t be 0 - 0 - 38/(-1). Suppose -5*s + t + 12 = 0. What is the units digit of s?
0
Suppose -3*o = -5*o. Let g be (o + 24/(-9))*-3. Suppose -6*i + g = -2*i. What is the units digit of i?
2
Let m(p) = p + 8. Let o be m(-5). Suppose 2 = -a + o*a. What is the units digit of a?
1
Suppose -4*q = 4*f, 0 = -3*f + 4*q + 23 + 5. Suppose -f*h - 4 + 12 = 0. Let r(p) = 4*p - 1. What is the units digit of r(h)?
7
Suppose 0*i + 3*r = -4*i + 165, 115 = 3*i + 4*r. What is the units digit of i?
5
Let l(d) = 2*d - 6. Let b be l(6). What is the units digit of -1 + -3 + b + 3?
5
What is the units digit of 69/9 + (-2)/3?
7
Let u = -67 + 106. What is the units digit of u?
9
Let b = -22 + 55. Let m = b + -22. What is the units digit of m?
1
Let h be 2940/13 - (-24)/(-156). Suppose 6*a - h = 26. What is the tens digit of a?
4
What is the units digit of (1 + 0)/((-3)/(-135))?
5
Let d = 19 - 16. What is the units digit of d?
3
Suppose -p = 3*r - 4 - 5, 2*p = -4*r + 8. What is the tens digit of 9/p*(-56)/3?
2
Let x be (-2)/(4 - 36/10). Let l(p) = 2*p**2 + 9*p + 9. What is the units digit of l(x)?
4
Let b(n) = -4*n - 3. Let s be b(-2). Suppose -s + 2 = -w. Suppose -o - 14 = w*y + y, 0 = -4*y - 16. What is the units digit of o?
2
Let g(z) = -z - 9. Let a be g(-7). Suppose 2*j - 4*i + 2 = 4, -3 = -j + 4*i. What is the tens digit of (j - a) + (13 - 4)?
1
Let i = 27 - 15. What is the tens digit of i?
1
Let p be 2 - -1 - -2 - 0. Let j be ((-2)/3)/(2/(-6)). Suppose 0 = -2*i + k + j + 7, k = p. What is the units digit of i?
7
Let a(q) = -294*q**3 - 2*q**2. What is the hundreds digit of a(-1)?
2
Let r = 41 + 129. What is the tens digit of r?
7
What is the tens digit of (-212)/(-8) - 3/6?
2
Suppose 20 = 4*h - 4*z, -z - 1 = h - 0. Let l = 4 - 1. Suppose -3*b + 3*o = 6*o + l, h = 2*b + o. What is the units digit of b?
3
Let z = 9 - 0. What is the units digit of (1 + z)*(-1)/(-2)?
5
Let d = 1 - 4. Let v = d - -4. Suppose -13 = -2*r + 5*p, -2 = 3*p + v. What is the units digit of r?
4
Suppose 4*n + 0 = 4. What is the units digit of n?
1
Let p(h) = h**3 - 3*h - 3. Let q(b) = -b**2 + 8*b - 8. Let z be q(8). Let l = z + 11. What is the tens digit of p(l)?
1
Let l(s) = -2*s**2 + 2*s. Let f be l(3). Suppose 4*p = -p + 90. Let m = f + p. What is the units digit of m?
6
What is the units digit of 2 - (2 + 220/(-4))?
5
Let a = 8 + -8. Suppose a = 4*z - 4. What is the units digit of z?
1
Let w(u) = u**3 + 3*u**2 - 3*u - 6. Let s be w(-3). Let r(o) = o**3 - 3*o**2 + o + 1. What is the units digit of r(s)?
4
Let f(p) be the second derivative of -p**3/6 - 6*p**2 + 2*p. Let w be f(-10). What is the units digit of (w - -1)*(-2 - 3)?
5
Let x(p) = -p**3 + 2*p**2 + 5*p - 5. Suppose 4*k + 0 = 12. What is the units digit of x(k)?
1
Let x = 66 - 13. What is the tens digit of x?
5
Let m(r) = -r**3 + 4*r**2 + r + 2. Let y be m(4). Suppose -7 = -5*u + o, -7*o = 2*u - 3*o + y. What is the units digit of -5*(42/(-15) + u)?
9
Let i be (-7 - (-8 - -4)) + 1. What is the tens digit of 3 + 31 + (-4 - i)?
3
Let u = 44 + -1. What is the tens digit of u?
4
Suppose 2*r + r = 5*i - 16, 2*r = 3*i - 10. What is the units digit of i?
2
Suppose v = -4, 4*u + 11*v - 16*v = 1468. What is the tens digit of u?
6
Suppose y = 3*y. Suppose y = q - 0*q. Suppose 2*c + c - 30 = q. What is the tens digit of c?
1
Suppose -3*a - 10 = 4*t, 5*a + 2 - 20 = 2*t. Let n(w) = -w**2 - w + 4. Let z be n(0). Suppose i - 5 + z = f, 8 = 4*i - a*f. What is the units digit of i?
3
Let p(m) = -m**3 + 8*m**2 - 6*m + 8. What is the tens digit of p(6)?
4
Suppose 4*o + 8 = 2*i, i - 4 = -3*o - 0*i. Let d = -2 + o. Let r = 3 + d. What is the units digit of r?
1
What is the tens digit of (-16)/6*(-342)/24?
3
Suppose 138*z - 133*z - 165 = 0. What is the tens digit of z?
3
Let y be 14/(-18) + 6/(-27). Let h(u) = -16*u + 3. Let x(o) = 8*o - 1. Let l(s) = -2*h(s) - 5*x(s). What is the units digit of l(y)?
7
Let s be (-56)/35 - 2/5. Let h be s/(-5) + 356/10. What is the tens digit of h/4*8/6?
1
What is the units digit of (-1)/4*(-3 + -121)?
1
Suppose -8 = -d - 0. Let m be 0 + -2 - d/(-2). What is the units digit of m/3*(-30)/(-4)?
5
Let x(d) be the first derivative of -d**2 - 2*d - 2. Let l be x(-3). Suppose h - 2*h + l = 0. What is the units digit of h?
4
Suppose 4836 = 15*p + 201. What is the hundreds digit of p?
3
Let b(r) = -r**3 - 7*r**2 + 4*r + 6. Let c be b(-7). What is the units digit of (c/4)/((-1)/2)?
1
Let b = 14 - -10. Let h be (b/(-30))/(1/(-5)). Let y = 5 - h. What is the units digit of y?
1
Let i(b) = 7*b**2 + 4*b + 4. What is the tens digit of i(-2)?
2
Let w be (3/(-5))/((-5)/25). Suppose x - 50 = -w*a, -3*a + 4*x = -2*a - 21. What is the tens digit of a?
1
Let k(q) = -9*q**3 - q**2. What is the units digit of k(-1)?
8
Suppose 30 = -0*n + n. Suppose -n = -3*m - 2*m. Suppose -5*s = -3*u - 40 + m, -4*u - 12 = 0. What is the units digit of s?
5
Let g(b) = -b**3 + 6*b**2 + 1. Let z be g(6). Suppose 0 = j - 2*d - 5 - z, 3*j - 4*d = 14. Suppose x + 14 = j*x. What is the tens digit of x?
1
Suppose -5*n - 9 = 46. Let g = n - -25. What is the units digit of g?
4
Suppose 0*o + 30 = 5*o. Suppose 5*i + o = 4*b, -2*b - 4 = -4*i - b. What is the units digit of i?
2
Let s(r) = r**2 - 2*r. Suppose 0 = 2*g - 6 - 2. What is the units digit of s(g)?
8
Suppose 12*w - 16*w = -604. What is the units digit of w?
1
Suppose -2*f = -5*y + 3*f + 20, -f + 20 = 3*y. Suppose -y*g = -g - 45. What is the units digit of g?
9
Suppose -141 = 5*t + 2*p, 0 = t - 2*p + 5*p + 23. Suppose u - 4*u - 15 = 0, 215 = 5*d - 3*u. Let o = t + d. What is the tens digit of o?
1
Suppose 0*i = -3*i. What is the units digit of (1 + i)*-1 - -2?
1
Let b(c) = 50*c**2 + 4*c - 4. What is the units digit of b(1)?
0
Let i be 12 + -16 - (-4 - 0). Suppose -2*f + f = v - 53, -f - 5*v + 65 = i. What is the tens digit of f?
5
Suppose 20*t = 10*t + 40. What is the units digit of t?
4
Suppose -3*u = -6*u. Suppose -2 = -0*c - c. Suppose -c*b + 7 + 9 = u. What is the units digit of b?
8
Let h(y) = -y + 2. Let v be h(2). Suppose v = o - 2. What is the units digit of o?
2
Suppose 2*l + 3*l = -4*w + 16, -4*l = 3*w - 11. Suppose 2*h - w = -h. Suppose -32 = -h*f - f. What is the units digit of f?
8
Suppose 0*i + 14*i - 406 = 0. What is the units digit of i?
9
Let o = -1 + 2. Let a = 1 + o. What is the units digit of a?
2
Let k(v) = v**3 - 9*v**2 + v - 10. Let x be k(9). Let b = 6 + x. What is the units digit of b?
5
Suppose w + 3*t = 88, w + 3*t = -w + 167. What is the tens digit of w?
7
Suppose -3*s - 4*h - h + 189 = 0, -3*s = -5*h - 159. What is the te